s 652091 a composite number?
True
Is 22613 prime?
True
Is 56237 a composite number?
False
Is 783977 a composite number?
True
Is 2195 composite?
True
Is 5041 prime?
False
Is 51 a prime number?
False
Is 39149 prime?
False
Is 62591 a prime number?
True
Is 1861961 prime?
True
Is 20318 a prime number?
False
Is 7593 composite?
True
Is 368539 a composite number?
False
Is 383569 composite?
True
Is 907 a prime number?
True
Is 91621 composite?
False
Is 1399 a composite number?
False
Is 30341 a composite number?
False
Is 110683 a composite number?
True
Is 108571 a composite number?
False
Is 46433 a composite number?
True
Is 17503 composite?
True
Is 14191 composite?
True
Is 63641 a composite number?
True
Is 4269139 composite?
True
Is 2172577 prime?
False
Is 207737 a composite number?
True
Is 7571 prime?
False
Is 1409 a composite number?
False
Is 289715 prime?
False
Is 2161 prime?
True
Is 3637 a composite number?
False
Is 995 a prime number?
False
Is 106487 a composite number?
False
Is 121405 a prime number?
False
Is 48647 composite?
False
Is 218873 prime?
True
Is 27845 a prime number?
False
Is 414791 a composite number?
True
Is 301633 prime?
False
Is 387887 composite?
True
Is 38267 a prime number?
False
Is 85487 a composite number?
False
Is 12251 a prime number?
True
Is 318862 prime?
False
Is 92297 prime?
True
Is 59459 composite?
True
Is 1184587 composite?
False
Is 671597 composite?
True
Is 1284083 a composite number?
False
Is 34199 a composite number?
True
Is 20569 prime?
False
Is 19799 prime?
False
Is 73237 a prime number?
True
Is 19207 a prime number?
True
Is 485693 a composite number?
True
Is 15101 a composite number?
False
Is 369877 a composite number?
False
Is 5129 a prime number?
False
Is 3227 prime?
False
Is 635 a composite number?
True
Is 2610029 prime?
False
Is 12457 a composite number?
False
Is 461641 composite?
True
Is 19235 a prime number?
False
Is 36199 a prime number?
False
Is 1943 a prime number?
False
Is 72589 a composite number?
True
Is 159977 prime?
True
Is 8881 a composite number?
True
Is 51581 prime?
True
Is 63773 a prime number?
True
Is 4009 composite?
True
Is 47249 prime?
False
Is 1205749 a prime number?
True
Is 870007 prime?
True
Is 38431 a prime number?
True
Is 269497 a composite number?
True
Is 1626886 a composite number?
True
Is 330097 a prime number?
True
Is 15829 prime?
False
Is 6467 a prime number?
False
Is 226571 a prime number?
True
Is 45983 a composite number?
True
Is 97979 prime?
False
Is 5039 prime?
True
Is 1655 prime?
False
Is 54429 prime?
False
Is 17957 prime?
True
Is 86111 a composite number?
False
Is 12439 prime?
False
Is 43933 a composite number?
False
Is 1842281 prime?
False
Is 26002 composite?
True
Is 390881 a composite number?
True
Is 577379 a prime number?
False
Is 2237 prime?
True
Is 4663 prime?
True
Is 305297 a composite number?
False
Is 312197 prime?
True
Is 7069 a composite number?
False
Is 1058059 a prime number?
True
Is 8761 a composite number?
False
Is 12287 composite?
True
Is 145771 a prime number?
True
Is 301571 a prime number?
False
Is 49745 prime?
False
Is 7123 a composite number?
True
Is 76205 a composite number?
True
Is 12941 composite?
False
Is 6161 prime?
False
Is 119117 a composite number?
True
Is 22819 a composite number?
True
Is 285377 composite?
False
Is 14485 composite?
True
Is 24029 a composite number?
False
Is 30529 a composite number?
False
Is 97141 a composite number?
True
Is 10223 a composite number?
False
Is 167351 a composite number?
True
Is 3881 composite?
False
Is 977 composite?
False
Is 4072457 a composite number?
False
Is 2321 prime?
False
Is 16487 prime?
True
Is 50689 a composite number?
True
Is 18059 a composite number?
False
Is 722881 a composite number?
False
Is 3423842 a prime number?
False
Is 111299 a prime number?
False
Is 330329 a prime number?
True
Is 5099 a prime number?
True
Is 363059 prime?
True
Is 52463 a prime number?
False
Is 157937 composite?
True
Is 167677 a prime number?
True
Is 12187 prime?
False
Is 167309 a composite number?
False
Is 1313 prime?
False
Is 72323 a prime number?
False
Is 31957 a composite number?
False
Is 5401 composite?
True
Is 49085 prime?
False
Is 12399 a prime number?
False
Is 314147 a composite number?
True
Is 33805 a prime number?
False
Is 912367 a prime number?
True
Is 13709 composite?
False
Is 675781 composite?
False
Is 935243 composite?
False
Is 3491 a prime number?
True
Is 4279 a composite number?
True
Is 19121 composite?
False
Is 1047157 prime?
True
Is 5971 composite?
True
Is 12333 a composite number?
True
Is 2296163 a composite number?
False
Is 122359 prime?
False
Is 6113 composite?
False
Is 379473 composite?
True
Is 190753 composite?
False
Is 41831 a composite number?
True
Is 1291 prime?
True
Is 817 prime?
False
Is 177209 a composite number?
False
Is 7829 a prime number?
True
Is 43093 composite?
False
Is 5507 a composite number?
False
Is 18013 a prime number?
True
Is 249955 composite?
True
Is 76819 composite?
False
Is 9565 composite?
True
Is 236603 prime?
False
Is 312799 prime?
True
Is 9722 a prime number?
False
Is 8521 a composite number?
False
Is 8803 prime?
True
Is 13391 a composite number?
True
Is 718 a prime number?
False
Is 27877 prime?
False
Is 431854 a prime number?
False
Is 379409 prime?
False
Is 6211 a prime number?
True
Is 391 a prime number?
False
Is 84629 composite?
False
Is 80111 a composite number?
False
Is 901633 prime?
False
Is 2333 prime?
True
Is 423457 a prime number?
True
Is 207067 a composite number?
True
Is 43049 a prime number?
True
Is 1055885 prime?
False
Is 450617 a composite number?
False
Is 114997 prime?
True
Is 38641 prime?
False
Is 44683 a prime number?
True
Is 346011 composite?
True
Is 207253 composite?
True
Is 1181573 composite?
False
Is 118609 prime?
False
Is 21485 a composite number?
True
Is 25054 prime?
False
Is 22823 prime?
False
Is 565163 a prime number?
True
Is 99707 a composite number?
False
Is 67391 prime?
True
Is 88411 prime?
True
Is 2941 a prime number?
False
Is 106199 a composite number?
True
Is 10151 a composite number?
False
Is 63901 a composite number?
False
Is 487561 composite?
False
Is 505405 composite?
True
Is 22045 prime?
False
Is 1412413 a prime number?
True
Is 1997813 a prime number?
True
Is 7058 a prime number?
False
Is 254593 prime?
True
Is 4361699 prime?
True
Is 11453 prime?
False
Is 556747 composite?
True
Is 13603 a composite number?
True
Is 44219 composite?
True
Is 510805 composite?
True
Is 1457321 a prime number?
True
Is 50579 composite?
True
Is 240943 a prime number?
True
Is 2609 composite?
False
Is 28563 a composite number?
True
Is 29629 a composite number?
False
Is 2689589 a prime number?
False
Is 1498277 a prime number?
False
Is 5261 a prime number?
True
Is 4703 a prime number?
True
Is 21833 a prime number?
False
Is 64433 a composite number?
False
Is 1511 a prime number?
True
Is 1915351 prime?
False
Is 221341 composite?
True
Is 3037 a composite number?
False
Is 45383 prime?
False
Is 14671 a prime number?
False
Is 29119 composite?
True
Is 114143 a prime number?
True
Is 2044941 composite?
True
Is 58382 a composite number?
True
Is 63901 a prime number?
True
Is 478613 composite?
True
Is 26434 a prime number?
False
Is 39119 composite?
False
Is 142822 a composite number?
True
Is 51791 composite?
True
Is 419 a prime number?
True
Is 76871 composite?
False
Is 259603 composite?
False
Is 130457 composite?
False
Is 103067 composite?
False
Is 25138 a prime number?
False
Is 12323 a composite number?
False
Is 73187 prime?
False
Is 13843 a prime number?
False
Is 10007 a prime number?
True
Is 1178327 prime?
False
Is 44561 composite?
True
Is 28195 prime?
False
Is 7737 composite?
True
Is 7663 a composite number?
True
Is 233477 prime?
True
Is 451469 a composite number?
True
Is 8663 a composite number?
False
Is 114331 composite?
True
Is 1817713 a composite number?
True
Is 203549 a prime number?
True
Is 936197 prime?
True
Is 49249 prime?
False
Is 239977 composite?
False
Is 150481 a composite number?
True
Is 399541 a composite number?
False
Is 22309 a prime number?
False
Is 199957 prime?
False
Is 28319 a composite number?
False
Is 413183 prime?
True
Is 905897 a composite number?
False
Is 94759 a prime number?
False
Is 2554 a composite number?
True
Is 504121 prime?
True
Is 4234763 composite?
Tr